 + (-5)/(-18)*64. Calculate the highest common factor of m and g.
18
Suppose 0 = 4*c + 7*c - 4796. Suppose 4*q - c = -4*i, 4*i - q = 3*q + 444. Calculate the highest common divisor of i and 10.
10
Suppose b + 7 = 11. Suppose -2*t + 5*x + 25 = -t, 0 = -t - b*x + 16. What is the highest common factor of 8 and t?
4
Suppose 50*b - 65337 = 1063. Calculate the greatest common divisor of b and 32.
16
Let g be (4 + -2)*-1 - 0. Let r be (-1)/g - (-897)/6. Let d(x) = -163*x - 2548. Let v be d(-16). Calculate the greatest common divisor of r and v.
30
Suppose -2*b + s + 57 = -4, -3*b + 93 = -3*s. Calculate the highest common factor of b and 890.
10
Let x = -51 + 45. Let s be x + (-414)/(-27) + (-2)/6. What is the highest common divisor of 6 and s?
3
Let a(w) = 2*w**3 + 3*w**2 + 8*w - 10. Let o be a(7). Suppose 3*h = -4*j - 0*h + o, -5*h = -25. What is the highest common factor of 24 and j?
24
Let k(b) be the second derivative of b**4/12 + 3*b**3/2 + b**2 - 2*b. Let c = 91 + -100. Let d be k(c). What is the highest common divisor of 16 and d?
2
Let f(l) = l**2 + 11*l + 44. Let w be f(-8). Calculate the greatest common factor of w and 200.
20
Let i be -2*(-11 - -1 - -3). Suppose 195 = -5*f - 90. Let b = f - -92. What is the highest common divisor of i and b?
7
Let n = 348 + -328. Calculate the highest common factor of n and 160.
20
Let p(l) = -2*l - 3. Let q be p(-4). Let u(h) = 8*h + 5. Let b be u(q). Let i be (-18)/(13/(117/(-18))). Calculate the highest common factor of b and i.
9
Let n = -609 + 620. What is the greatest common factor of 44 and n?
11
Let n(m) = m**2 + 13*m - 19. Let d be n(-15). Let p = -33 + 77. Calculate the highest common factor of p and d.
11
Let s(q) = q**2 + 17*q + 40. Let x be s(-8). Let n = 48 + x. What is the highest common divisor of n and 16?
16
Suppose -5*d - 5*f = -2085 - 485, 0 = -d - 3*f + 508. Calculate the highest common divisor of d and 47.
47
Let b(o) = o**3 + 9*o**2 + 8*o + 3. Let n be 1/6 - 98/12. Let p be b(n). What is the highest common divisor of 3 and p?
3
Let y be (-3)/24*-2 - 423/(-36). Calculate the highest common divisor of y and 108.
12
Let v(q) = -q**3 + 5*q**2 + 3*q - 1. Let f be v(6). Let j = 29 + f. Calculate the greatest common divisor of j and 30.
10
Let x = -26 + -5. Let c = 45 + x. Let v(w) = -w**3 + 13*w**2 + 17*w - 21. Let p be v(c). What is the greatest common factor of 147 and p?
21
Suppose -4*k + 983 = -r, 17*r - 16*r - 5 = 0. What is the highest common factor of 57 and k?
19
Suppose -3*x = n - 15, -5*n + 3 = -x + 8. Let u = 13 + n. Let k be 13 + (-2 - -1)*0. Calculate the highest common factor of k and u.
13
Suppose 0 = -3*b + 3*y + 135, -2*b + 5*y = 11 - 116. Calculate the highest common divisor of b and 32.
8
Let j = 402 + -384. Calculate the highest common divisor of 234 and j.
18
Let z(k) = k**3 - 17*k**2 + 34*k - 36. Let r be z(15). What is the highest common divisor of r and 1032?
24
Let p(f) = 10*f + 1 + 3 - 3. Let a be p(1). What is the highest common divisor of 11 and a?
11
Suppose -2*k - 1 = 3*y, 4*k + 1 = -4*y + 5. Let m be 12306/(-28) + 2/(-4). Let z be y + 3 + m/(-4). Calculate the greatest common divisor of 11 and z.
11
Let r = -31 + 36. Suppose s + 2*s = -r*v + 1043, -1 = -s. What is the highest common divisor of 26 and v?
26
Suppose -882 = -5*z + y + 219, 2*z + 3*y - 454 = 0. Let s be -2*2*(-13)/4. Calculate the highest common factor of s and z.
13
Suppose -100*d + 95*d + 495 = 0. Calculate the greatest common divisor of d and 11.
11
Let b = 134 - 37. What is the highest common divisor of b and 1843?
97
Let l(t) = t**3 + 38*t**2 + 35*t - 32. Let q be l(-37). What is the highest common divisor of 189 and q?
21
Let j(q) = 3*q - 4 + 4*q + q + 2*q**2. Let b be j(-6). Let s be 80*((-9)/42)/((-6)/21). What is the highest common divisor of s and b?
20
Suppose -12*w + 1890 = -3*w. Suppose -w*f = -207*f - 825. What is the greatest common divisor of 25 and f?
25
Suppose 50 + 38 = 11*p. What is the highest common factor of p and 1?
1
Let m be (-1916)/(-16) - (12/16 + -1). Calculate the highest common factor of 660 and m.
60
Suppose -q = -2*q + 8. Suppose -5 + 9 = 4*f. Suppose t - f - 6 = 2*z, -4*t + 4*z = -16. What is the highest common factor of t and q?
1
Let z = 13 - 8. Suppose 4*g - 33 = -z. Suppose -v = -0*n + 4*n - g, -5*v + n = -35. Calculate the greatest common divisor of 28 and v.
7
Suppose -8267 = -5*t - 6*k + 3*k, -2*k + 8 = 0. What is the greatest common factor of 13 and t?
13
Suppose -2*h - 116 = -3*h + 3*v, 2*h + 3*v = 214. Let j = h - 64. What is the greatest common factor of 92 and j?
46
Let i(h) = -3*h**2 - 23*h - 12. Let w be i(-7). Suppose -w*g = 5*g - 434. What is the highest common factor of g and 31?
31
Let b be ((-55)/1)/(4*(-12)/96). Calculate the highest common factor of 165 and b.
55
Let t be (-6 - -8) + 1/(-1)*3. Let j be (-40)/(-8)*(3 - t). Let u = -7 + 12. Calculate the greatest common factor of j and u.
5
Let u(s) = -8*s + 151. Let p be u(16). What is the greatest common factor of 1 and p?
1
Suppose 17*j - 169 = 256. Calculate the greatest common factor of j and 5.
5
Let n = -143 + 512. What is the highest common divisor of n and 9?
9
Suppose 0 = -9*j - 5*j + 910. Calculate the highest common factor of 104 and j.
13
Let p be 3/1 + (-246)/((-21)/(-7)). Let t = 189 + p. What is the greatest common divisor of t and 10?
10
Let y(f) = -f + 6. Let p(k) = -3. Let i(r) = -10*p(r) - 4*y(r). Let o be i(2). What is the highest common factor of o and 14?
14
Let a = 181 + -442. Let h = 405 + a. What is the highest common factor of h and 16?
16
Let a(w) = -w**3 - 10*w**2 - 3*w + 55. Let r be a(-9). Calculate the highest common factor of r and 13.
1
Let o be 1*(-8)/4 + 1*8. Let b(z) = z**2 - 2*z. Let l be b(o). What is the greatest common divisor of l and 16?
8
Let i be (-1 - (-105)/(-14))*-36. Calculate the highest common factor of i and 6.
6
Suppose -81*b = -87*b + 1836. What is the greatest common divisor of 9 and b?
9
Suppose -13*p - 720 = 23*p. Let w be (-60)/(-3 + 1) + 0. Let y = w - p. Calculate the highest common divisor of y and 25.
25
Suppose 5*h + 15 = 0, n = 2*n - 2*h - 125. Let p = -8 + 25. Calculate the highest common divisor of n and p.
17
Let m be ((-16)/18)/((-35)/315). Calculate the highest common divisor of m and 1368.
8
Let q be ((-1)/2)/(2/(-4)). Let a = 21 - q. Let k = -19 + a. Calculate the highest common divisor of 5 and k.
1
Let a(r) = 33*r**2 - 2*r - 1. Let k be a(-2). Let m be 242/(-4) + -2*(-1)/(-4). Let b = 76 + m. Calculate the highest common divisor of b and k.
15
Let a(g) = -g**2 - 8*g - 11. Let c be a(-4). Let m be (7 + -2 + -3)/(3/15). Calculate the highest common factor of c and m.
5
Suppose 0 = -8*c - 73 + 297. What is the greatest common divisor of 1274 and c?
14
Let g be 160/14 + 8/(-28)*-2. Let c(n) = 29*n - 8. Let a be c(4). Calculate the highest common factor of a and g.
12
Let g = 857 + -844. Calculate the highest common divisor of g and 403.
13
Let y be 2/(-12) + (-25)/(-6). Suppose y*l = -5*l + 54. What is the highest common divisor of l and 18?
6
Let d = 101 - 72. Suppose 5*c + 5*u = u - 26, 4*c + 3*u = -20. Let k be (-4 - c)/((-4)/638). What is the highest common divisor of d and k?
29
Suppose -3*p - 64 = -11*p. Suppose m - 14 = 26. What is the highest common divisor of m and p?
8
Let w = 72 + -72. Suppose w = 4*z - 99 - 81. What is the highest common divisor of 27 and z?
9
Let q(k) = k**3 - 10*k**2 - 3. Let w be q(10). Let t(a) = 8*a**2 - 6*a - 5. Let o be t(w). Suppose -1 = 7*x - o. What is the greatest common factor of x and 3?
3
Let r(b) = b**2 + 16*b + 7. Let j be r(-16). What is the greatest common divisor of j and 7?
7
Let m(s) = s**2 - 2*s + 6. Let l be m(-3). Suppose -l = -p - k, 4*k + 2 = -p + 23. Calculate the highest common factor of 84 and p.
21
Suppose 5*r + 2 = -3. Let b = r + 5. Let c be 4/(-3)*54/(-12). Calculate the highest common factor of c and b.
2
Let x(t) = -4*t**3 - 40*t**2 - 3*t - 15. Let r be x(-10). Calculate the greatest common divisor of r and 15.
15
Let s = 48 + -96. Let y = s + 83. What is the highest common factor of y and 7?
7
Suppose 7*s + 748 = 2988. What is the greatest common divisor of 5 and s?
5
Let t(b) = b**3 + 21*b**2 + 23*b + 72. Let x be t(-20). What is the highest common factor o